 - i = -2*d + 178. Let s = d + 24. Let c = 110 + s. What are the prime factors of c?
89
Let i(m) = 3*m**3 + 9*m**2 + 8*m + 41. Let c(k) = 4*k**3 + 8*k**2 + 8*k + 40. Let x(d) = -4*c(d) + 5*i(d). What are the prime factors of x(13)?
149
Suppose -2*i + 3801 = f, -3*f = 16*i - 15*i - 1908. What are the prime factors of i?
3, 211
Suppose -4*s - 122 = -2*z, 0 = 3*s - 3. Let t = 68 - z. Suppose t*j - 340 = 495. What are the prime factors of j?
167
Let f(g) = -1258*g - 418. What are the prime factors of f(-19)?
2, 3, 19, 103
Let p(h) be the second derivative of 2*h**4 + 6*h**2 + 117*h. What are the prime factors of p(-5)?
2, 3, 17
Suppose -730*g + 141125 = -725*g - 100040. List the prime factors of g.
139, 347
Let r(n) = 5*n**2 + 7*n + 6. Let w be r(15). Suppose 4*c - 3*a - 4201 = 777, -c + 5*a = -w. List the prime factors of c.
2, 7, 89
Let r be (-1)/(-4)*20 - -1541. Suppose 3*w - r = -133. What are the prime factors of w?
3, 157
Let s(n) = -13*n**2 + n + 2. Let i be s(3). Suppose 354*m - 353*m = -244. Let x = i - m. What are the prime factors of x?
2, 3, 11
Suppose -66*o = -5*j - 68*o + 4153, -5*j = -2*o - 4157. Suppose 829*z = j*z - 2048. List the prime factors of z.
2
Suppose 4*v - 4*d - 55 = -d, 3*v - 36 = 4*d. Suppose -4*g - 5*i + 19 = 0, -4*g + 0*i + v = 4*i. What are the prime factors of ((-5)/4)/(g/(-48))?
2, 3, 5
Suppose -66*q = -57*q. Suppose q = 51*c - 9*c - 13902. What are the prime factors of c?
331
Suppose 31*y - 9 = 34*y, 2*y + 9 = n. Suppose -5*g = -3*i + 816, -n*i - 4*g - 71 = -860. What are the prime factors of i?
3, 89
Suppose 60 = -h + 63. Suppose h*z + 8 = -2*g - 7, -g = -4*z + 24. What are the prime factors of 8/g - 408/(-18)?
2, 11
Suppose 0 = 9*y - 10*y + 91. Suppose 4338 = y*g - 85*g. List the prime factors of g.
3, 241
Let p = 27807 - 16660. List the prime factors of p.
71, 157
Let d = 37194 - 23084. What are the prime factors of d?
2, 5, 17, 83
Suppose 5*f + 7*f = 432. Suppose -43*a = -f*a - 1463. What are the prime factors of a?
11, 19
Suppose -4*k = -6 - 14. Suppose -q - 45 = -2*q - 4*u, 93 = 2*q + k*u. List the prime factors of q.
7
Let u be (12/90*3)/(2/10). Suppose p - 4*x = -60, 0 = -u*p + p + 5*x - 61. Let d = p + 175. List the prime factors of d.
7, 17
Let h(z) = -z**2 - 2. Let q be h(2). Suppose 5*y + 0*y - 575 = 0. Let j = q + y. List the prime factors of j.
109
Let t(k) = k**2 - 24*k - 483. What are the prime factors of t(-65)?
2, 11, 241
Let x be (1/2)/(-8*7/(-1232)). Suppose -x = -2*m - 7. Suppose -m*t + 114 + 134 = 0. List the prime factors of t.
2, 31
Suppose 0 = 4*d + w - 10, 5 = 5*d - 4*w + 9*w. Suppose d*b = -5*k + 227, 5*k = b - 2 - 47. What are the prime factors of b?
3, 23
Suppose 2*g + 4*d + 206 = -0*g, 8 = -4*d. Let b = -79 - g. Suppose 25*j - 1165 = b*j. What are the prime factors of j?
233
Let j(o) = -2*o + 8. Let d be j(5). Let n be (2 - -3)/5*2/d. What are the prime factors of (n - -6)*14 - 1*-4?
2, 37
Let g be (0 - 4 - 0) + 4. Suppose -2*n + 1175 = -5*b - 761, g = -3*n + 3*b + 2904. List the prime factors of n.
2, 11
Suppose 5*b - 566 = -p, -5*b - 2*p - p = -568. Suppose 5*z = 17 + b. Suppose -d + z = 3*q - 20, 4*q = -d + 49. What are the prime factors of d?
37
Let x(l) = -22*l + 134. Let u be x(5). List the prime factors of 4374/u*(-40)/(-15).
2, 3
Let t be (17 - 2) + -8 + 6819. Suppose -t - 3314 = -13*c. What are the prime factors of c?
2, 3, 5, 13
List the prime factors of 58 + 992 + (-8 - (-2)/(-2)).
3, 347
Let c(o) = 46*o**3 + 5*o - 47*o**3 - 2*o**2 - 1 - 1. Let j be c(4). Let g = j - -115. What are the prime factors of g?
37
Let w = 30920 + -16786. What are the prime factors of w?
2, 37, 191
Suppose -3*l - 3*f + 11334 + 44823 = 0, -4*f = -5*l + 93649. List the prime factors of l.
5, 7, 107
Suppose -u + 1446 - 242 = 0. List the prime factors of u - ((5 - 15) + 8).
2, 3, 67
Let n(b) = 195*b**2 + 4*b + 9. Let a be n(-4). Suppose a = 7*c + 509. List the prime factors of c.
2, 3, 31
Let c(o) = o**3 - 3*o**2 + o - 6. Let d be c(4). Suppose 11*u - d*u = -1842. What are the prime factors of u?
2, 307
Let d = -1888 - -13807. List the prime factors of d.
3, 29, 137
Suppose -3*s + 14 = 4*s. Suppose 1747 = 3*w - s*f, 2 = -3*f - 4. List the prime factors of w.
7, 83
Suppose 0 = -3*b - 2*g + 88149, -5*g = -0*g + 45. What are the prime factors of b?
29389
Let m(u) = 238*u - 118. List the prime factors of m(40).
2, 3, 1567
Suppose 72*m + 14623 = 73*m + 5*z, -m + 14632 = -4*z. What are the prime factors of m?
2, 3, 23, 53
Suppose 30 = 4*b + 10. Let o be b*((-1233)/15)/(-3). Suppose 4*m = -3*i + 223, -5*m + o = -2*i + 4*i. List the prime factors of i.
3
Let u be 4 + 9 + 0 + 0 + -1. Suppose -4180 = -8*a - u*a. What are the prime factors of a?
11, 19
Suppose 38379 = 3*r - 4*b, 2*r - 39*b - 25569 = -42*b. What are the prime factors of r?
3, 7, 29
Let y = -694 - -1212. Let l = -197 + y. What are the prime factors of l?
3, 107
Suppose 438 + 16 = -3*s - g, -4*s - g = 604. Let y be (-4 - s - 3) + 4. Suppose 5*x - 408 - y = 0. List the prime factors of x.
3, 37
Suppose 3*w + 3 = 0, -2*z - 2*w - 25 - 159 = 0. Let p = -185 - z. Let c = -71 - p. List the prime factors of c.
23
Let l(w) be the first derivative of w**3/3 - 3*w**2/2 + 54*w - 162. List the prime factors of l(-8).
2, 71
Let h = 2742 + 784. Suppose 8*t = -a + 3*t + 1171, -2*t = 3*a - h. What are the prime factors of a?
2, 3, 7
Suppose 3*q - 10*j + 11*j = 956, 332 = q + 3*j. Suppose 4*l + 5*y - 1815 = 0, 0 = -l - 4*y + 145 + q. List the prime factors of l.
2, 3, 5
Suppose -45*l - 44*l = -83*l - 43830. What are the prime factors of l?
3, 5, 487
Suppose a + 19540 = 2*f, -f - 2*a + 10735 = 975. What are the prime factors of f?
2, 3, 11, 37
Suppose -1456 = -5*q - 2*a, 3*q + 3*a + 44 = 914. List the prime factors of q.
2, 73
Let d be 0 + 4 + 23 + -3. Let z = 27 - d. Suppose 3*w - 721 = -4*s, -z*s - 2*s - 2*w + 910 = 0. What are the prime factors of s?
2, 23
Let j = 17544 - 8105. List the prime factors of j.
9439
Let g(c) = -219*c - 760. What are the prime factors of g(-16)?
2, 7
Suppose -7*j + j = -46488. List the prime factors of j.
2, 13, 149
Let p(a) = -a**3 - 11*a**2 - 12*a - 17. Let k be p(-10). Let f = -9 + k. List the prime factors of f/(-21) - -370*(-2)/(-7).
2, 53
Suppose 12536 = 2*o + 2*k, -3*k + 5*k - 43896 = -7*o. List the prime factors of o.
2, 7
Let l(s) = -78*s - 241. Let t be l(-14). Suppose -g = 4*d - 1705, -d + 3*d + g = t. List the prime factors of d.
7, 61
Let q be 33/297 - 13328/(-9). Suppose 2*l - 119 = q. List the prime factors of l.
2, 5
Let o be ((-3204)/30)/(4 - (-77)/(-20)). Let p = 2237 + o. What are the prime factors of p?
5, 61
Let c(y) = y + 17. Let w be c(-19). Let b be -1 - 1 - (-3 + -1 + w). Suppose 6*p - 8*p + 567 = 5*o, -b*o + 20 = 0. List the prime factors of p.
271
Let o = 335 + -365. List the prime factors of (592/(-5))/((-294)/o - 10).
2, 37
Let k(h) = -h**3 - 3*h**2 - h - 5. Let w be k(-3). Let n be (w - -2 - 1)*1. List the prime factors of (n/(-2) + 1)*46.
3, 23
Suppose -n - 2 + 169 + 177 = 0. What are the prime factors of n?
2, 43
Let i(j) = 37121*j - 330. List the prime factors of i(1).
36791
Let l(z) = -72 - 7*z + 2*z - z - 5*z. What are the prime factors of l(-23)?
181
Suppose 13994 = b - 3*d, -78*d + 98066 = 7*b - 81*d. List the prime factors of b.
2, 31, 113
Suppose -4*u = 1512 - 200. Let d be ((-9)/6)/(33/(-12232)). Let t = u + d. What are the prime factors of t?
2, 3, 19
Let j = -70 - -174. What are the prime factors of 3/24 + 35347/j?
2, 5, 17
Suppose 3336 + 543 = 9*r. What are the prime factors of r?
431
What are the prime factors of 1*(23 + 52 + 14)?
89
Suppose -1565097 = 105*r - 4498167. List the prime factors of r.
2, 13967
Let j = -106783 + 197863. What are the prime factors of j?
2, 3, 5, 11, 23
Suppose 200*f - 2925398 = 151*f. List the prime factors of f.
2, 29851
Let t(a) = 12*a + 1554. What are the prime factors of t(-103)?
2, 3, 53
Let n(x) = -80*x**2 - 4*x + 101. Let u be n(-11). What are the prime factors of (-9)/(-15) - u/25?
2, 191
Let m(f) = 5*f**2 + 15*f + 6. Let b be m(-3). What are the prime factors of 1252/6 - 10/b?
3, 23
List the prime factors of (-42)/(-9)*(6 + (-19644)/(-14)).
2, 3, 137
Let p = 18644 + -9283. What are the prime factors of p?
11, 23, 37
Let p = 112 + -130. What are the p